 = 2*z - 9. Let m be h(6). What is the remainder when (0 - -27) + (2 - m) is divided by 4/(1 + 15/(-21))?
12
Let d = 59 + -33. Suppose -3*z = 79 - 304. What is the remainder when z is divided by d?
23
Suppose 3*f - 27 = 2*f. Suppose 0 = 5*r + 5*y - 75, 6*y - 15 = -r + 2*y. Calculate the remainder when f is divided by r.
12
Suppose -5*b - 520 = 5*f, -2*b - 15 - 85 = f. What is the remainder when 25 is divided by (-1)/2 + f/(-8)?
12
Let q(y) = 0 + 2*y - 1 + y. Let c be q(2). Suppose 0 = c*r - 2*r + v - 172, 8 = 2*v. Calculate the remainder when r is divided by 19.
18
Let h be 2721/15 + 2/(-5). Let n = 337 - h. Suppose 2*y + n = 6*y. What is the remainder when y is divided by 10?
9
Suppose 0 = 3*c - 0*c - 3. Suppose 2*x - 110 = -3*x. What is the remainder when -1 + x - (c - -1) is divided by 10?
9
Let j(s) = -s**2 - 9*s + 8. Let b be (-2 - -4) + -4 - -5. Suppose b*n - 3*i + 7*i - 15 = 0, 3*i + 27 = 2*n. What is the remainder when j(-8) is divided by n?
7
Let i(u) = -u**2 - 11*u + 11. Let m(x) = -3*x**2 - 1 + 9*x**2 - x + 3*x - x**3 + 0*x. Calculate the remainder when i(-10) is divided by m(6).
10
Suppose i + 0*i - 2 = 0. Suppose -i*u + o + 15 = 0, 5*u + 2*o - 39 = 5*o. Calculate the remainder when 17 is divided by u.
5
Let g be 28/2*(8 + -7). Let y = g + -9. What is the remainder when 17 is divided by y?
2
Suppose 5*s + 280 = 5*m, -5*m - 6*s + 330 = -s. Let a = -27 + m. What is the remainder when a is divided by 12?
10
Suppose 4*f = 2*m - 46, -4*f + 5*m = -0*f + 49. Calculate the remainder when (-16)/88 + (-189)/f is divided by 5.
2
Suppose 5*i - 51 = -4*q, 3*i - 6*i + 17 = -q. Let o(f) = -9*f**3 + 2*f + 1. Let p be o(-1). Let c = p + -3. Calculate the remainder when i is divided by c.
2
Let f(y) = 9*y - 7. Calculate the remainder when f(3) is divided by 8.
4
Suppose 0 = -x - b + 2*b + 8, -2*b - 38 = -4*x. What is the remainder when x is divided by 7?
4
Let r be 2/(-2)*(-69)/3. What is the remainder when 68 is divided by (r/3)/(5/15)?
22
Suppose -5*b + 0*j = -2*j - 78, -86 = -5*b + 4*j. Suppose 0*x = 2*x - 82. What is the remainder when x is divided by b?
13
Let n be 90/9*(-1)/(-2). Suppose 0 = c + 4*b - 19, 0 = -5*c - 0*b - n*b + 170. What is the remainder when c is divided by 10?
9
Let m(v) = -v + 10. What is the remainder when m(0) is divided by (2/(-1))/(5/(-10))?
2
Suppose -21 = -g + 13. Calculate the remainder when g is divided by 13.
8
Suppose -5*x + r + 42 = -r, 0 = -4*x + 4*r + 24. Suppose 0 = 3*j - 4 - 2. Suppose -x = -3*h + j*h. Calculate the remainder when 29 is divided by h.
9
Let n = -5 - -19. Suppose n = -2*u + 36. Suppose 4*y = 4*i - i - 101, -i = -3*y - 37. Calculate the remainder when i is divided by u.
9
Let o(t) = 2*t**2 + 7*t + 3. Let b be o(-5). Let n = 39 - b. Calculate the remainder when 61 is divided by n.
19
What is the remainder when 50 is divided by 259/21 + (-2)/(-3)?
11
Let q = 5 + -2. Let k be 7 - (-3 + 0 + 4). What is the remainder when q/k*(2 + 20) is divided by 6?
5
Calculate the remainder when (3 + 11/(-4))*76 is divided by 3.
1
Suppose -2*r = -3*j - 47 - 1, 0 = -2*j + 8. Calculate the remainder when r is divided by 16.
14
Suppose -7*x + 8*x = 0. Suppose x = 2*h + h - 4*f - 50, 10 = h - 3*f. What is the remainder when 63 is divided by h?
19
Let v(n) = -n - n**2 + 2*n**2 + 48 + 11. Calculate the remainder when v(0) is divided by (0 - 4) + (-48)/(-2).
19
Let b(l) = -l**2 - 30*l - 64. What is the remainder when b(-26) is divided by (-2)/(-6) + (-82)/(-6)?
12
Let u be ((-6)/(-5))/(1/5). Suppose 2*o + 2*o - 4*c + 16 = 0, u = 2*c. Calculate the remainder when ((-1)/3)/o*219 is divided by 25.
23
Let m = 12 + -4. Suppose -4*n - 3*r = -0*r + 16, 5*r = -2*n - m. Let y(g) = -2*g - 6. Calculate the remainder when y(n) is divided by 1.
0
Let m = 107 - 62. Let c(r) = -r - 2. Let h be c(-2). Suppose h = 4*a - 2*z - 74, z = 5*a - a - 69. Calculate the remainder when m is divided by a.
13
Let h = -30 + 42. What is the remainder when 19 is divided by h?
7
Calculate the remainder when 54 is divided by 224/24*6/4.
12
Suppose -5*v + 48 = -4*v. Suppose -16 = -4*s + v. What is the remainder when s is divided by 9?
7
Suppose -h = 2*h - 105. What is the remainder when h is divided by 18?
17
Suppose -17 = -9*v + 154. Let c = -50 - -86. What is the remainder when c is divided by v?
17
Let u = 43 + 34. What is the remainder when u is divided by 22?
11
Suppose 10 = -0*s + s. What is the remainder when 38 is divided by s?
8
Suppose 5*r = l - 34, 0 = -4*l - 3*r + 28 - 7. Let j(p) = 10*p. Let a be j(-6). What is the remainder when a*1/(-5)*2 is divided by l?
6
Let u = 204 + -177. What is the remainder when 75 is divided by u?
21
Suppose 4*x = 183 + 165. Calculate the remainder when x is divided by 18.
15
Suppose s = 0, v - 3*v + 62 = -5*s. Calculate the remainder when v is divided by 8.
7
Suppose -2*n + 11 = -17. Suppose 2*r + r - 6 = 0. What is the remainder when n is divided by ((-12)/r)/(-3) + 2?
2
Suppose -13 - 52 = -5*u. Let z(p) = -p**3 + 7*p**2 - 4*p. Calculate the remainder when z(3) is divided by u.
11
Suppose -2*k + 4 = g, 11 = 3*k + 3*g - 4*g. What is the remainder when 54 is divided by k?
0
Calculate the remainder when (0 + 76/8)*2 is divided by 7.
5
Let m = -42 + 48. Calculate the remainder when m is divided by 5.
1
Suppose 0 = -f - 5 - 6. Let h = f + 20. Calculate the remainder when (-368)/(-14) - 4/14 is divided by h.
8
Let p(y) = 7*y**3 - 8*y**2 - y - 9. What is the remainder when p(4) is divided by 62?
59
Let z(a) = a + 2. Let j = -7 - -1. Calculate the remainder when 1 + 15/(-6)*j is divided by z(7).
7
Let f(h) = h**3 + 4*h**2 - 6*h + 1. Let r = -5 - 0. Let d(g) = -16*g - 1. What is the remainder when d(-1) is divided by f(r)?
3
Let s(o) = -3*o - 12. Let r be s(-9). Let h = 41 - r. What is the remainder when h is divided by 4 + -6 + (1 - -15)?
12
Calculate the remainder when 1 + (2 - -3 - -19) is divided by 10.
5
Suppose -3*q + 0*c - 3 = -5*c, 0 = 4*c + 12. Let s = 11 + q. What is the remainder when 18 is divided by s?
3
Let g(k) = 4*k - 10. Let y be g(4). Let m = y + -4. Calculate the remainder when 2 is divided by m.
0
Let l(y) = 8*y**3 + 4*y**2 - 4*y + 2. Suppose 5*z - 83 = -4*f + 3, -4*f - z = -78. What is the remainder when l(2) is divided by f?
17
Let b be 1/(-2)*(16 - 0). Let d(y) = y**3 + 9*y**2 + 7*y + 1. Let n be d(b). Let s = n + 19. Calculate the remainder when s is divided by 10.
8
Suppose -3*v - v = -128. Suppose -b - v = -3*b. Let u = 107 + -60. What is the remainder when u is divided by b?
15
Let q be (2 - (-7)/2)*6. Suppose -5*u + 17 + q = 0. Calculate the remainder when u is divided by 4.
2
Suppose 80 = 2*t + 2*t. Suppose 9*q - 4*q = 3*x + 21, q + 63 = -5*x. Let g = t + x. Calculate the remainder when 13 is divided by g.
5
Let y(n) = -n**2 + 11*n - 8. What is the remainder when y(8) is divided by 5?
1
Suppose -3*i + 17 = 2. Let n = -169 - -276. Suppose -5*q = 37 - n. What is the remainder when q is divided by i?
4
Suppose -5*v + 52 - 8 = -g, 2*g = -v + 11. Calculate the remainder when v is divided by 4.
1
Let w = 6 - -3. What is the remainder when 35 is divided by w?
8
Let u(m) = -m - 4. Let y be u(-4). Suppose y = 3*r + 36 - 120. What is the remainder when 54 is divided by r?
26
Suppose -v - 87 = -3*u, 0*v + 114 = 4*u - 2*v. Suppose -5*q - 28 - 7 = -t, 2*t - 2*q = u. What is the remainder when t is divided by 6?
4
Let r(c) = -2*c**3 - 2*c**2 + 2*c + 1. Let o = -6 + 4. Suppose -2*p - 23 = -3*i, 2*i = i + 5*p - 1. What is the remainder when i is divided by r(o)?
4
Suppose 3*d - 9 = 3*x, 0*x = 4*d + x + 13. Let o be (-24)/(-4) + d/(-1). What is the remainder when 119/4 + (-6)/o is divided by 10?
9
Let t = -38 - -56. Let b be (-4)/t + 168/27. Let c = 13 - b. What is the remainder when c is divided by 4?
3
Let a(m) = -7*m**3 + m**2. Calculate the remainder when a(-1) is divided by 3.
2
Suppose c + 5*j + 13 = 2*j, -14 = 2*c + 3*j. What is the remainder when c*2/4*-22 is divided by (-9)/((-27)/(-12)) + 10?
5
Suppose 920 = 11*q + 7. Calculate the remainder when q is divided by 21.
20
Let b = -26 + 44. What is the remainder when 34 is divided by b?
16
What is the remainder when 62 is divided by ((-13)/(-3))/((-1)/(-3))?
10
Let k(n) = -n**3 + 6*n**2 + 3*n - 2. Let s be k(6). Suppose -8*w + s = b - 3*w, 3*b + w =